[INFO] cloning repository https://github.com/xayon40-12/gpgpu-rs
[INFO] running `Command { std: "git" "-c" "credential.helper=" "-c" "credential.helper=/workspace/cargo-home/bin/git-credential-null" "clone" "--bare" "https://github.com/xayon40-12/gpgpu-rs" "/workspace/cache/git-repos/https%3A%2F%2Fgithub.com%2Fxayon40-12%2Fgpgpu-rs", kill_on_drop: false }`
[INFO] [stderr] Cloning into bare repository '/workspace/cache/git-repos/https%3A%2F%2Fgithub.com%2Fxayon40-12%2Fgpgpu-rs'...
[INFO] running `Command { std: "git" "rev-parse" "HEAD", kill_on_drop: false }`
[INFO] [stdout] 16ef2fcd3204b51a823aabf64e11dbc9a8a08ede
[INFO] checking xayon40-12/gpgpu-rs against master#af3c6e733a40e671550e0f0f5aeecaa13772ba56 for pr-74989
[INFO] running `Command { std: "git" "clone" "/workspace/cache/git-repos/https%3A%2F%2Fgithub.com%2Fxayon40-12%2Fgpgpu-rs" "/workspace/builds/worker-5/source", kill_on_drop: false }`
[INFO] [stderr] Cloning into '/workspace/builds/worker-5/source'...
[INFO] [stderr] done.
[INFO] validating manifest of git repo https://github.com/xayon40-12/gpgpu-rs on toolchain af3c6e733a40e671550e0f0f5aeecaa13772ba56
[INFO] running `Command { std: "/workspace/cargo-home/bin/cargo" "+af3c6e733a40e671550e0f0f5aeecaa13772ba56" "read-manifest" "--manifest-path" "Cargo.toml", kill_on_drop: false }`
[INFO] started tweaking git repo https://github.com/xayon40-12/gpgpu-rs
[INFO] finished tweaking git repo https://github.com/xayon40-12/gpgpu-rs
[INFO] tweaked toml for git repo https://github.com/xayon40-12/gpgpu-rs written to /workspace/builds/worker-5/source/Cargo.toml
[INFO] crate git repo https://github.com/xayon40-12/gpgpu-rs already has a lockfile, it will not be regenerated
[INFO] running `Command { std: "/workspace/cargo-home/bin/cargo" "+af3c6e733a40e671550e0f0f5aeecaa13772ba56" "fetch" "--locked" "--manifest-path" "Cargo.toml", kill_on_drop: false }`
[INFO] [stderr]     Blocking waiting for file lock on package cache
[INFO] running `Command { std: "docker" "create" "-v" "/var/lib/crater-agent-workspace/builds/worker-5/target:/opt/rustwide/target:rw,Z" "-v" "/var/lib/crater-agent-workspace/builds/worker-5/source:/opt/rustwide/workdir:ro,Z" "-v" "/var/lib/crater-agent-workspace/cargo-home:/opt/rustwide/cargo-home:ro,Z" "-v" "/var/lib/crater-agent-workspace/rustup-home:/opt/rustwide/rustup-home:ro,Z" "-e" "SOURCE_DIR=/opt/rustwide/workdir" "-e" "CARGO_TARGET_DIR=/opt/rustwide/target" "-e" "CARGO_HOME=/opt/rustwide/cargo-home" "-e" "RUSTUP_HOME=/opt/rustwide/rustup-home" "-w" "/opt/rustwide/workdir" "-m" "1610612736" "--user" "0:0" "--network" "none" "rustops/crates-build-env@sha256:d92eaeed33fa75130ca1ee6c8a01d1ffb62bac859dfdfb3450e3e5d1c0146529" "/opt/rustwide/cargo-home/bin/cargo" "+af3c6e733a40e671550e0f0f5aeecaa13772ba56" "metadata" "--no-deps" "--format-version=1", kill_on_drop: false }`
[INFO] [stdout] 58653cfdb826dbf752c3d8995c303f580d4a8320cb9779e2b3cd89896757d2fd
[INFO] [stderr] WARNING: Your kernel does not support swap limit capabilities or the cgroup is not mounted. Memory limited without swap.
[INFO] running `Command { std: "docker" "start" "-a" "58653cfdb826dbf752c3d8995c303f580d4a8320cb9779e2b3cd89896757d2fd", kill_on_drop: false }`
[INFO] running `Command { std: "docker" "inspect" "58653cfdb826dbf752c3d8995c303f580d4a8320cb9779e2b3cd89896757d2fd", kill_on_drop: false }`
[INFO] running `Command { std: "docker" "rm" "-f" "58653cfdb826dbf752c3d8995c303f580d4a8320cb9779e2b3cd89896757d2fd", kill_on_drop: false }`
[INFO] [stdout] 58653cfdb826dbf752c3d8995c303f580d4a8320cb9779e2b3cd89896757d2fd
[INFO] running `Command { std: "docker" "create" "-v" "/var/lib/crater-agent-workspace/builds/worker-5/target:/opt/rustwide/target:rw,Z" "-v" "/var/lib/crater-agent-workspace/builds/worker-5/source:/opt/rustwide/workdir:ro,Z" "-v" "/var/lib/crater-agent-workspace/cargo-home:/opt/rustwide/cargo-home:ro,Z" "-v" "/var/lib/crater-agent-workspace/rustup-home:/opt/rustwide/rustup-home:ro,Z" "-e" "SOURCE_DIR=/opt/rustwide/workdir" "-e" "CARGO_TARGET_DIR=/opt/rustwide/target" "-e" "CARGO_INCREMENTAL=0" "-e" "RUST_BACKTRACE=full" "-e" "RUSTFLAGS=--cap-lints=forbid" "-e" "CARGO_HOME=/opt/rustwide/cargo-home" "-e" "RUSTUP_HOME=/opt/rustwide/rustup-home" "-w" "/opt/rustwide/workdir" "-m" "1610612736" "--user" "0:0" "--network" "none" "rustops/crates-build-env@sha256:d92eaeed33fa75130ca1ee6c8a01d1ffb62bac859dfdfb3450e3e5d1c0146529" "/opt/rustwide/cargo-home/bin/cargo" "+af3c6e733a40e671550e0f0f5aeecaa13772ba56" "check" "--frozen" "--all" "--all-targets" "--message-format=json", kill_on_drop: false }`
[INFO] [stdout] 4b68e400d0300943184c57c0ce969c2b8773b59fc782f355a59fec0b43549097
[INFO] [stderr] WARNING: Your kernel does not support swap limit capabilities or the cgroup is not mounted. Memory limited without swap.
[INFO] running `Command { std: "docker" "start" "-a" "4b68e400d0300943184c57c0ce969c2b8773b59fc782f355a59fec0b43549097", kill_on_drop: false }`
[INFO] [stderr]    Compiling autocfg v1.0.0
[INFO] [stderr]    Compiling proc-macro2 v1.0.9
[INFO] [stderr]    Compiling unicode-xid v0.2.0
[INFO] [stderr]    Compiling syn v1.0.16
[INFO] [stderr]    Compiling libc v0.2.67
[INFO] [stderr]     Checking cfg-if v0.1.10
[INFO] [stderr]     Checking lazy_static v1.4.0
[INFO] [stderr]    Compiling semver v0.1.20
[INFO] [stderr]     Checking scopeguard v1.1.0
[INFO] [stderr]    Compiling bitflags v1.2.1
[INFO] [stderr]     Checking rustc-demangle v0.1.16
[INFO] [stderr]    Compiling serde v1.0.106
[INFO] [stderr]    Compiling inventory v0.1.6
[INFO] [stderr]     Checking futures v0.1.29
[INFO] [stderr]    Compiling backtrace-sys v0.1.33
[INFO] [stderr]    Compiling memoffset v0.5.3
[INFO] [stderr]    Compiling rustc_version v0.1.7
[INFO] [stderr]    Compiling num-traits v0.2.11
[INFO] [stderr]    Compiling num-integer v0.1.42
[INFO] [stderr]    Compiling crossbeam-utils v0.7.2
[INFO] [stderr]    Compiling num-iter v0.1.40
[INFO] [stderr]    Compiling crossbeam-epoch v0.8.2
[INFO] [stderr]    Compiling ocl-core v0.11.2
[INFO] [stderr]    Compiling quote v1.0.2
[INFO] [stderr]     Checking rand v0.4.6
[INFO] [stderr]     Checking cl-sys v0.4.2
[INFO] [stderr]     Checking backtrace v0.3.45
[INFO] [stderr]     Checking crossbeam-channel v0.4.2
[INFO] [stderr]     Checking crossbeam-queue v0.2.1
[INFO] [stderr]     Checking crossbeam-deque v0.7.3
[INFO] [stderr]     Checking num-complex v0.1.43
[INFO] [stderr]     Checking num-traits v0.1.43
[INFO] [stderr]     Checking crossbeam v0.7.3
[INFO] [stderr]     Checking enum_primitive v0.1.1
[INFO] [stderr]     Checking qutex v0.2.3
[INFO] [stderr]     Checking num-bigint v0.1.44
[INFO] [stderr]     Checking num-rational v0.1.42
[INFO] [stderr]     Checking num v0.1.42
[INFO] [stderr]     Checking ocl-core-vector v0.1.0
[INFO] [stderr]    Compiling synstructure v0.12.3
[INFO] [stderr]    Compiling failure_derive v0.1.6
[INFO] [stderr]    Compiling serde_derive v1.0.106
[INFO] [stderr]    Compiling inventory-impl v0.1.6
[INFO] [stderr]    Compiling ctor v0.1.13
[INFO] [stderr]    Compiling ghost v0.1.1
[INFO] [stderr]    Compiling typetag-impl v0.1.4
[INFO] [stderr]     Checking failure v0.1.6
[INFO] [stderr]     Checking ocl v0.19.3
[INFO] [stderr]     Checking erased-serde v0.3.11
[INFO] [stderr]     Checking typetag v0.1.4
[INFO] [stderr]     Checking gpgpu v0.1.0 (/opt/rustwide/workdir)
[INFO] [stdout] error[E0308]: mismatched types
[INFO] [stdout]   --> tests/test.rs:98:20
[INFO] [stdout]    |
[INFO] [stdout] 98 | fn window_sum() -> gpgpu::Result<()> {
[INFO] [stdout]    |    ----------      ^^^^^^^^^^^^^^^^^ expected enum `std::result::Result`, found `()`
[INFO] [stdout]    |    |
[INFO] [stdout]    |    implicitly returns `()` as its body has no tail or `return` expression
[INFO] [stdout]    |
[INFO] [stdout]    = note:   expected enum `std::result::Result<(), ocl::error::Error>`
[INFO] [stdout]            found unit type `()`
[INFO] [stdout] 
[INFO] [stdout] 
[INFO] [stdout] error[E0560]: struct `gpgpu::integrators::IntegratorParam` has no field named `swap`
[INFO] [stdout]   --> examples/pde.rs:59:44
[INFO] [stdout]    |
[INFO] [stdout] 59 |     let mut ip = IntegratorParam { t: 0.0, swap: 0, args };
[INFO] [stdout]    |                                            ^^^^ `gpgpu::integrators::IntegratorParam` does not have this field
[INFO] [stdout]    |
[INFO] [stdout]    = note: available fields are: `t`, `increment_name`, `args`
[INFO] [stdout] 
[INFO] [stdout] 
[INFO] [stdout] error[E0609]: no field `swap` on type `gpgpu::integrators::IntegratorParam`
[INFO] [stdout]   --> examples/pde.rs:65:43
[INFO] [stdout]    |
[INFO] [stdout] 65 |     println!("u:   {:?}", gpu.get(bufs[ip.swap])?.VF64());
[INFO] [stdout]    |                                           ^^^^ unknown field
[INFO] [stdout]    |
[INFO] [stdout]    = note: available fields are: `t`, `increment_name`, `args`
[INFO] [stdout] 
[INFO] [stdout] 
[INFO] [stdout] error[E0609]: no field `swap` on type `gpgpu::integrators::IntegratorParam`
[INFO] [stdout]   --> examples/pde.rs:66:45
[INFO] [stdout]    |
[INFO] [stdout] 66 |     println!("v:   {:?}", gpu.get(bufs[2+ip.swap])?.VF64());
[INFO] [stdout]    |                                             ^^^^ unknown field
[INFO] [stdout]    |
[INFO] [stdout]    = note: available fields are: `t`, `increment_name`, `args`
[INFO] [stdout] 
[INFO] [stdout] 
[INFO] [stdout] error[E0560]: struct `gpgpu::integrators::IntegratorParam` has no field named `swap`
[INFO] [stdout]   --> examples/pde.rs:85:44
[INFO] [stdout]    |
[INFO] [stdout] 85 |     let mut ip = IntegratorParam { t: 0.0, swap: 0, args };
[INFO] [stdout]    |                                            ^^^^ `gpgpu::integrators::IntegratorParam` does not have this field
[INFO] [stdout]    |
[INFO] [stdout]    = note: available fields are: `t`, `increment_name`, `args`
[INFO] [stdout] 
[INFO] [stdout] 
[INFO] [stdout] error[E0609]: no field `swap` on type `gpgpu::integrators::IntegratorParam`
[INFO] [stdout]   --> examples/pde.rs:95:57
[INFO] [stdout]    |
[INFO] [stdout] 95 |     println!("u[0]: {:?} <-> {}", gpu.get_first(bufs[ip.swap])?.F64(), (l-1) as f64/2.0);
[INFO] [stdout]    |                                                         ^^^^ unknown field
[INFO] [stdout]    |
[INFO] [stdout]    = note: available fields are: `t`, `increment_name`, `args`
[INFO] [stdout] 
[INFO] [stdout] 
[INFO] [stdout] error[E0560]: struct `gpgpu::integrators::IntegratorParam` has no field named `swap`
[INFO] [stdout]    --> examples/pde.rs:116:44
[INFO] [stdout]     |
[INFO] [stdout] 116 |     let mut ip = IntegratorParam { t: 0.0, swap: 0, args: vec![] };
[INFO] [stdout]     |                                            ^^^^ `gpgpu::integrators::IntegratorParam` does not have this field
[INFO] [stdout]     |
[INFO] [stdout]     = note: available fields are: `t`, `increment_name`, `args`
[INFO] [stdout] 
[INFO] [stdout] 
[INFO] [stdout] error[E0609]: no field `swap` on type `gpgpu::integrators::IntegratorParam`
[INFO] [stdout]    --> examples/pde.rs:126:57
[INFO] [stdout]     |
[INFO] [stdout] 126 |     println!("u[0]: {:?} <-> 1", gpu.get_firsts(bufs[ip.swap],9)?.VF64());
[INFO] [stdout]     |                                                         ^^^^ unknown field
[INFO] [stdout]     |
[INFO] [stdout]     = note: available fields are: `t`, `increment_name`, `args`
[INFO] [stdout] 
[INFO] [stdout] 
[INFO] [stdout] error[E0560]: struct `gpgpu::integrators::IntegratorParam` has no field named `swap`
[INFO] [stdout]    --> examples/pde.rs:157:44
[INFO] [stdout]     |
[INFO] [stdout] 157 |     let mut ip = IntegratorParam { t: 0.0, swap: 0, args };
[INFO] [stdout]     |                                            ^^^^ `gpgpu::integrators::IntegratorParam` does not have this field
[INFO] [stdout]     |
[INFO] [stdout]     = note: available fields are: `t`, `increment_name`, `args`
[INFO] [stdout] 
[INFO] [stdout] 
[INFO] [stdout] error[E0609]: no field `swap` on type `gpgpu::integrators::IntegratorParam`
[INFO] [stdout]    --> examples/pde.rs:167:57
[INFO] [stdout]     |
[INFO] [stdout] 167 |     println!("u[0]: {:?} <-> {}", gpu.get_first(bufs[ip.swap])?.F64(), (l-1) as f64/2.0);
[INFO] [stdout]     |                                                         ^^^^ unknown field
[INFO] [stdout]     |
[INFO] [stdout]     = note: available fields are: `t`, `increment_name`, `args`
[INFO] [stdout] 
[INFO] [stdout] 
[INFO] [stdout] error: aborting due to 9 previous errors
[INFO] [stdout] 
[INFO] [stdout] 
[INFO] [stdout] Some errors have detailed explanations: E0560, E0609.
[INFO] [stdout] 
[INFO] [stdout] For more information about an error, try `rustc --explain E0560`.
[INFO] [stdout] 
[INFO] [stderr] error: could not compile `gpgpu`.
[INFO] [stderr] 
[INFO] [stderr] To learn more, run the command again with --verbose.
[INFO] [stderr] warning: build failed, waiting for other jobs to finish...
[INFO] [stdout] error: aborting due to previous error
[INFO] [stdout] 
[INFO] [stdout] 
[INFO] [stdout] For more information about this error, try `rustc --explain E0308`.
[INFO] [stdout] 
[INFO] [stderr] error: build failed
[INFO] running `Command { std: "docker" "inspect" "4b68e400d0300943184c57c0ce969c2b8773b59fc782f355a59fec0b43549097", kill_on_drop: false }`
[INFO] running `Command { std: "docker" "rm" "-f" "4b68e400d0300943184c57c0ce969c2b8773b59fc782f355a59fec0b43549097", kill_on_drop: false }`
[INFO] [stdout] 4b68e400d0300943184c57c0ce969c2b8773b59fc782f355a59fec0b43549097
